t b(s) = 5*s**2 + 37 - 89*s**2 + 17*s**2 + 65*s**2 + 12*s. What is b(-3)?
-17
Let o(s) = s**3 - s**2 - s. Let w(k) = 5*k**3 - 15*k**2 - 5*k + 20*k**2 + k + k. Let v(m) = 4*o(m) - w(m). What is v(-9)?
9
Let m(k) = 2*k**3 - 10 + 82*k**2 + 63 + 48 - 7*k + 3*k - 132*k**2. Calculate m(25).
1
Let d(y) be the third derivative of -y**4/3 - 11*y**3/6 - 145*y**2 + 8*y. Determine d(-4).
21
Let g(b) = 7*b**3 - 2*b - 1. Let d(c) be the first derivative of c**4 - c**2/2 - c + 50. Let h(z) = -2*d(z) + g(z). Let a = -8 + 6. Give h(a).
9
Let y be -10*(-36)/16*2. Let p(i) = -15*i - 2 + y*i - 13*i - 14*i. Calculate p(9).
25
Suppose -4*c - s - 7*s - 28 = 0, s = 4*c - 8. Let n(x) = -9*x**2 - 12*x + 10. Give n(c).
-11
Let k = 1124 + -1119. Let b(l) be the first derivative of l**2/2 + 3*l - 42. Calculate b(k).
8
Let y(z) = -3*z**2 + 2*z - 1. Let n(p) = 8*p**2 - 8*p + 8. Let m(o) = -n(o) - 4*y(o). Give m(-3).
32
Let b(x) = x**2 - 9*x + 3. Suppose 3*d = q + 22, -7*d + 5*q + 20 = -2*d. Let h be b(d). Let a(y) = h*y**2 + 23 - 10 + y**2 - 10 - 2*y. What is a(2)?
15
Let d(u) be the first derivative of -u**3/3 + 16*u**2 - 253*u - 3832. Calculate d(19).
-6
Let r(l) = -2*l**3 - l**2 + 4*l + 4. Let n(h) = h**3 + h**2 - 2*h - 4. Let j(a) = -3*n(a) - 2*r(a). Give j(-2).
-4
Suppose 0*y + 30 = 2*y + 5*p, -4*y + 78 = p. Suppose 7 = -5*j - 3*z - y, -3*j = z + 13. Let g be -4 + 2*(-1 - j). Let s(i) = i**3 + i**2 + i + 9. What is s(g)?
9
Let o(b) = -b**3 - 2*b**2. Let g be o(2). Let v = g + 21. Let t(j) = 0*j**3 - 3*j + v*j - j - j**3. Determine t(0).
0
Let p be (12/(-18) + 50/3)/1. Suppose 0 = -4*s - 0 + p. Let f(j) = -1. Let a(u) = -6*u - 12. Let i(y) = -a(y) + 12*f(y). Give i(s).
24
Let g(c) = -55*c - 40. Let j(f) = -40*f - 39. Let v(a) = -3*g(a) + 4*j(a). Give v(5).
-11
Let c(d) = -d + 3. Suppose 5*m + 4*u = -22, 3*u + 11 = -5*m - 8. What is c(m)?
5
Let t(f) be the third derivative of -21*f**2 + 0*f + 1/60*f**5 + 1 + 0*f**3 + 1/6*f**4. Determine t(0).
0
Let s(t) be the third derivative of t**5/60 + 5*t**4/12 + 5*t**3/6 + t**2. Suppose 0 = -3*d - 2*z - 21, 2688*d - 2684*d = 2*z - 42. What is s(d)?
-4
Let b(i) = -i**2 + i - 3. Let u be (-8)/(-20) + 23/5. Suppose -u*r - 10 = 2*q, 2*q = 7*q - 4*r - 8. Suppose q*w - 7*w + 21 = 0. What is b(w)?
-9
Suppose -13*g + 40*g + 45 = 207. Let y(t) = -t**2 + 33*t - 145. Give y(g).
17
Suppose 3*z + 4*g - 60 = 0, 5*z - 91 = -5*g - 1. Let o(j) = j**3 - 12*j**2 - j + 6. Calculate o(z).
-6
Suppose -20*t + 33*t = 2340. Let h(i) = -i**2 + t*i - 83*i - 87*i. What is h(9)?
9
Let c(q) be the third derivative of -37*q**4/24 + q**3/2 - 483*q**2 + 1. What is c(1)?
-34
Let n(g) = -2*g - 8. Let s = 59 + -45. Let p be (-18)/63 - (-1 + 38/s). Let j(z) = z**3 + z**2 - 3. Let q be j(p). Give n(q).
6
Let c be (12 - 1440/54)*((-3)/4)/1. Let m(s) = -6*s + 76. What is m(c)?
10
Let q = 142 + -67. Let a = q + -31. Let t(i) = 88*i - 5 - 41*i - a*i. Give t(4).
7
Let x(p) be the second derivative of 4 + 1/6*p**3 + 0*p**2 + p. What is x(2)?
2
Let u(o) be the third derivative of -o**5/60 - 4*o**4/3 - 71*o**3/6 - 8397*o**2. Give u(-29).
16
Suppose 4*w - 12 = -5*n + 11*n, 2*w + 2*n + 24 = 0. Let l(u) = -u**3 - 8*u**2 - 22*u - 27. Determine l(w).
33
Suppose 73 + 59 = 33*x. Let c(w) = -x + 11 - 10 + 14*w - w. Give c(3).
36
Let n(c) be the second derivative of c**5/20 - c**4/3 - 11*c**3/6 + 7*c**2/2 + 2*c - 99. Determine n(6).
13
Let y(v) = -22*v + 4 - 3 - 15*v**3 - 4*v + 28*v. Let c(r) be the third derivative of -r**4/12 - 5*r**3/2 - 7*r**2. Let g be c(-7). What is y(g)?
14
Let b(z) be the second derivative of -3*z**3/2 + 51*z**2 - 6*z - 129. Calculate b(11).
3
Let g(s) = -s**2 + 37. Suppose -2*n + 4*z - 33 - 11 = 0, -4*n + 5*z = 64. What is g(n)?
1
Let j = 17 + -13. Let x(u) = -4*u + 4 - 2 - u + j*u. Let z = 7 + -5. What is x(z)?
0
Suppose -2*w + 2 = -3*w. Let z(m) be the second derivative of -m**4/3 + m**3/6 + m**2 - 25*m - 6. What is z(w)?
-16
Let v(s) = -16*s - 17. Suppose -519 = -30*t - 549. Give v(t).
-1
Suppose -4*z - 3*p + 20 = 0, -4*p - 25 = z - 6*z. Let o(x) = -1 + 5*x + z - 7 - 3. Determine o(6).
24
Suppose -10*d - 43 + 33 = 0. Let b(u) be the second derivative of -u**5/5 + u**3/6 - 3*u. Calculate b(d).
3
Let f be 44/5 - (-4)/20. Suppose 11 - f = d. Suppose 0 = -m + d + 5. Let v(j) = j**3 - 6*j**2 - 7*j + 7. What is v(m)?
7
Let z = -389 + 392. Let m(v) = -3*v - v**2 - 9*v**2 - v**z - 1 + 4*v**2. Suppose 0 = 2*b - 4, -2*r + 2*b = 7*b. What is m(r)?
-11
Let z(q) = q**2 - 2*q - 11. Suppose 0 = -4*b - 5*p + 15, -8*b + 9*b = -2*p + 3. What is z(b)?
4
Let n(j) = -j**3 - 7*j**2 + 9*j + 5. Let v = -3 + 9. Let g(z) = -v*z**2 - 2*z**2 + 5*z - 16 - z**3 + 2*z - 8*z. Let d be g(-8). Calculate n(d).
-3
Let b(f) = -14*f**2 - f**3 - 1 + 406*f - 401*f + 7*f**2. Give b(-7).
-36
Suppose -21 = 2*w + 3*t, 4*t + 14 = -5*w + 7*w. Let h(r) = 11*r**2 - 18*r. Let a(f) = -19*f**2 + 35*f - 1. Let b(p) = w*a(p) - 5*h(p). Calculate b(7).
-4
Let y(s) = s**2 + 20*s - 10. Let g(l) = l**3 - 9*l**2 + 18*l - 46. Let v be g(7). Determine y(v).
-46
Let g(i) = -i**2 - 23*i - 237. Let j(d) = -4*d - 33. Let x(b) = -g(b) + 7*j(b). Suppose -2*n + 6 + 2 = 0. What is x(n)?
2
Let o(g) = g**3 - 15*g**2 + 3*g - 2. Let n be o(15). Suppose 0 = 4*y + 2*b + 56, -3*b - 29 = 5*y + n. Let j(w) = -2*w - 3. Give j(y).
21
Let v(y) = -4*y + 7. Let o(w) = -1. Let p be 6/4*4/(-6). Let t(f) = p*v(f) - 6*o(f). Let u(j) = -8*j**2 - 335*j - 2. Let k be u(0). Determine t(k).
-9
Suppose 3*l = -2*f + 2, -4*f + 8 = 4*l - 0*l. Let q(s) be the second derivative of -s**5/20 + 5*s**4/12 - s**3/6 - 9*s**2/2 - 3*s - 32. What is q(f)?
3
Let z(d) = -5*d - 66. Let h be z(-34). Let a(p) = -4*p + 104 - p**2 + h - 207. Calculate a(-2).
5
Let o(r) = 2*r + 2. Let w(z) = -68 + 40*z - 102 - 32. Let b be w(5). What is o(b)?
-2
Let u be 6/21 - 62/217. Let s(z) be the third derivative of -14*z**2 + 0*z**3 + 0 + u*z + 1/24*z**4 - 1/60*z**5. What is s(4)?
-12
Let p(i) = 2*i + 3. Let c be 1*((-46)/2 - 2*-2). Let q = 15 + c. What is p(q)?
-5
Let j(v) = -v**2 + v - 1. Let s(p) = 4*p**2 - 5*p + 10. Let o(k) = -6*j(k) - s(k). Let a be o(3). Let t = a + -8. Let i(f) = -3*f - 3. Give i(t).
-12
Let a(p) = p**3 + 25*p**2 + 69*p + 61. Suppose 0 = 63*x + 1688 - 302. Determine a(x).
-5
Let z(k) = -k**3 + 21*k**2 - 22*k + 45. Let s be z(20). Let t(x) = x**3 + 6*x - 7*x**2 - 5*x + s*x + x - 6. Calculate t(6).
0
Let c be (-3 - -4)*1 - (-3 - -2). Let q(i) = -2*i**2 - c*i - 10*i**3 + 8*i**2 - 2 + 9*i**3. Let u = -221 + 227. Determine q(u).
-14
Let c(w) = 15*w - 203. Let m be (272/(-102) - (-124)/6) + -6. Give c(m).
-23
Let g(u) = -u + 5. Let m = -321 - -553. Let n = 233 - m. Determine g(n).
4
Let a(p) = 4*p**2 - 8*p + 6. Let q = 9862 + -9860. Give a(q).
6
Let g(o) = -3*o - 1. Let m(r) = -14*r - 3. Let y(l) = -27*l - 5. Let n(z) = 7*m(z) - 3*y(z). Let c(q) = 11*g(q) - 2*n(q). What is c(0)?
1
Let j(i) = 2*i + 30. Let y be 10/(-5) + 0 - -2. Calculate j(y).
30
Let u(g) be the third derivative of -2*g**6/15 + g**5/60 - g**3/6 + 2*g**2 + 3424*g. Suppose -s - 1 = -0. Give u(s).
16
Let x(g) = 18*g**3 - 50*g**3 + 3*g + 20*g**3 + 0*g**2 + 13 + 13*g**3 + 2*g**2. What is x(-3)?
-5
Suppose -894 = 18*a - 606. Let v(o) = -11*o + 1 + 15*o**2 + o**3 - 6*o + 2 - 11. What is v(a)?
8
Let o(x) = -2*x + 5. Let j(h) be the first derivative of -h**2 - 2*h - 7. Let p be j(-1). Suppose u - 5*u + 24 = p. What is o(u)?
-7
Let o be (((-16)/24)/((-48)/(-36)))/((-2)/20). Let u(l) = 2*l**2 - 5*l + 4. Give u(o).
29
Let b(f) = 6*f**2 - 3*f**2 + 6*f - 7 - 2*f**2. Suppose 47 + 177 = 16*v. Let d = -21 + v. Calculate b(d).
0
Let q(g) = 14*g**2 + 34*g + 4. Let b(n) = -19*n**2 - 36*n - 2. Let r(z) = -2*b(z) - 3*q(z). Give r(-7).
6
Let s be 9/(-15) - (-26)/(-10)*-1. Let a(p) = -s*p - p - 9 + 3*p - p. Determine a(0).
-9
Let h(x) = x + 1. Let o(n) be the second derivative of -9*n**5/5 - n**3/6 - 19*n - 2. Let a(z) = h(z) + o(z). What is a(1)?
-35
Let w(q) be the first derivative of 13*q - 3/2*q**2 + 1/4*q**4 - 2*q**3 + 44. Determine w(6).
-5
Let s(i) be the first derivative of 5*i + 2*i**2 - 41 - 1/3*i**3. Calculate s(-4).
-27
Suppose 3*c = 1459 - 1408. Let q(y) = -y**2 + 29*y - 203. Determine q(c).
1
Let v be (5096/(-56))/(1/(-2)). Let u = -187 + v. Let w(o) = o**3 + 6*o**2 + 5*o + 4. Calculate w(u).
4
Let y